- 275. Let b be q(-75). Calculate the highest common factor of b and 20.
10
Let f be (5/(-2))/((-25)/1050). Let w = -9 + 24. Calculate the greatest common divisor of f and w.
15
Let z be (-10)/15 + (-238)/(-6). Suppose -3*l + z + 15 = 0. Let n(t) = -t**2 + 11*t - 3. Let b be n(5). What is the greatest common factor of b and l?
9
Let b(s) = -s**3 - 8*s**2 - 4*s - 11. Let a be b(-8). Suppose -4*t + 2*t + 36 = 0. Let j = 60 - t. Calculate the greatest common factor of j and a.
21
Suppose 58*q + 344 = 66*q. Calculate the highest common factor of q and 1.
1
Let f = 414 + -378. Calculate the highest common divisor of 99 and f.
9
Let d = 476 - 390. Suppose -4*p + 512 = x, -3*x - 362 = -4*p + 166. Calculate the greatest common factor of d and p.
43
Let o(v) = v**3 - 33*v**2 - 57*v + 85. Let k be o(35). What is the highest common factor of 20 and k?
20
Let v = 1992 - 690. Calculate the highest common divisor of 14 and v.
14
Suppose 1128 = 7*t - 3156. What is the greatest common divisor of t and 6?
6
Let v = -13 - -94. What is the highest common factor of v and 36?
9
Let y = -7 + 11. Let t = -51 + 54. Suppose -2*u = -l + 5*l - 6, 2*l + t*u = -7. Calculate the highest common divisor of l and y.
4
Let k(n) = -n - 2. Let s be k(10). Let w = s - -26. Suppose -2*b = -6*b + 140. What is the highest common divisor of w and b?
7
Suppose -464 = -12*m + 88. What is the greatest common divisor of 736 and m?
46
Suppose 2*h + 75 - 625 = -5*w, -4*w + 442 = 2*h. Calculate the greatest common divisor of w and 24.
12
Let x be -1 + 33 - (-24)/((-6)/(-1)). What is the greatest common divisor of x and 306?
18
Let o be 1*(-2 - -5) + 30. Let r be (-25)/10*(-44)/10. What is the greatest common divisor of r and o?
11
Let k be (-2)/(3 - 5) + 1. Let u be (-2 - k)/((-2)/(-8)). Let l be 116/14 - u/(-56). Calculate the highest common factor of l and 20.
4
Suppose 6*j + 216 = -0*j. Let y = -20 - j. What is the highest common factor of 16 and y?
16
Let q = 855 + -567. What is the highest common divisor of q and 24?
24
Suppose -5*b + 24 - 12 = -2*o, -3*o + 12 = 0. Suppose -5*s - 15 = 0, 4*q - 2*q = b*s + 156. What is the highest common divisor of q and 4?
4
Suppose -2*q + 3*z = -5, 3*q = -0*q + z - 3. Let l be q/1*-2*1/2. What is the highest common divisor of 3 and l?
1
Suppose 7 = 3*s + z, -4*s + 3*z = -z - 20. Suppose s*l + 4*f = -35, 5*l - f = -7 - 36. Let p be l/6*50/(-3). What is the greatest common divisor of 10 and p?
5
Suppose 4*j + 10 = 3*l + 68, -50 = -3*j - l. Suppose -j = -2*o - 6. Calculate the highest common divisor of o and 20.
5
Let s(v) = 29*v - 130. Let q be s(13). Calculate the highest common factor of 38 and q.
19
Suppose 12 = -19*d + 22*d. Let t be 440/16 + 2/d. What is the highest common divisor of 21 and t?
7
Suppose -3*i = 1 + 23. Let v = i + 15. Let o(m) = -m + 90. Let u be o(27). Calculate the highest common divisor of u and v.
7
Let b = -1191 + 1311. Calculate the highest common factor of b and 105.
15
Suppose -4*y = 59 - 187. Let j(k) = 74*k + 2. Let u be j(3). Suppose 5*s - u = -0*s + 4*i, 2*i = 2*s - 88. Calculate the highest common factor of y and s.
16
Suppose 71 = 3*t + 2*b, -5*t + 7*b = 8*b - 123. Calculate the highest common factor of t and 40.
5
Let a be 69 + (-4)/1 + 3. What is the highest common factor of a and 544?
68
Let k(s) = 5*s**2 + 7*s + 21. Let x be k(-3). What is the highest common divisor of x and 153?
9
Let k be (-82 + 84)/((-1)/(-9)). Calculate the greatest common factor of k and 693.
9
Let w = 8 + -4. Suppose -5*f + 25 = -0. Suppose 2*v + w*p - 103 = 91, 0 = f*v - 2*p - 497. What is the greatest common factor of 11 and v?
11
Let u be 3/(-1 + 55/52). Suppose 2*n + 56 = 6*n. Suppose n*o + 13 = 15*o. What is the highest common divisor of u and o?
13
Let v(d) = 6*d**2 - 10*d - 6. Let b be v(-4). What is the greatest common divisor of 10 and b?
10
Suppose -4*o = -f - 5, o = 3*f - 14 - 4. Suppose -2*v + f*v = -b + 228, 3*v - 128 = -5*b. What is the greatest common divisor of v and 69?
23
Suppose -5*i + 2056 = 3*d, -3*i + 2*d + 717 = -509. What is the greatest common factor of i and 40?
10
Let x be 2/(-2) - (-112)/(-3 - -7). Calculate the greatest common divisor of x and 27.
27
Suppose -88*m - 116 = -m - 2204. Let h = 2 + -2. Suppose -6*t + 2*t + 864 = h. Calculate the greatest common divisor of m and t.
24
Suppose 474 - 319 = 5*h. What is the greatest common factor of h and 1581?
31
Let w = -573 + 576. Suppose 2*d = -f - 2*d + 9, 4*f - d = 2. Suppose n + w*j = -n + 18, 0 = 3*n - 2*j - f. What is the highest common factor of n and 27?
3
Let c be (-1)/(-1*2/50). Let r = 96 - -156. Suppose 6*a - a - h = r, 160 = 3*a - 5*h. Calculate the highest common factor of c and a.
25
Let p = 7082 + -4099. Calculate the highest common factor of 19 and p.
19
Let k = -677 - -690. Calculate the highest common factor of k and 962.
13
Let x(n) = 13*n**2 - 14 - 13*n - 15*n - 14*n**2. Let i be x(-27). What is the greatest common divisor of i and 104?
13
Suppose 95 = 5*h - 0*h + 2*u, 16 = h + u. What is the highest common divisor of 154 and h?
7
Suppose -3*r = -6*r + 4*b + 21, r + 3*b = -6. Suppose -p - 17 = l, r*l + 2*p + 0*p + 51 = 0. Let v = 26 + l. What is the greatest common factor of v and 18?
9
Suppose -2474 = -41*o - 96. Calculate the highest common divisor of o and 319.
29
Let z be 13675/15 - (-10)/30. What is the greatest common factor of 24 and z?
24
Let b = -13 + 27. Suppose 11*n = 6*n + 3470. Suppose -262 = -5*t + 2*r + 444, -5*t - 2*r + n = 0. Calculate the highest common divisor of b and t.
14
Suppose 33 = 2*f + 3. Calculate the greatest common divisor of 495 and f.
15
Let r(y) = y - 4*y - 1 + 2 - 13*y. Let z be r(-5). Suppose 6 = 2*x - 12. Calculate the greatest common divisor of z and x.
9
Let s be (-6)/(-2)*(-5 - -9). What is the highest common divisor of s and 15?
3
Let g(z) = -12*z - 4. Let u be g(-2). Calculate the highest common divisor of 70 and u.
10
Let i(h) = h**3 + 9*h**2 - 2*h + 8. Let a be i(-9). Calculate the highest common factor of a and 8.
2
Let z be (2/(-3))/((-76)/1938). Let q = -87 - -172. Calculate the greatest common divisor of z and q.
17
Suppose -4 = s, -2*v + s + 2 = -46. Let q = 414 + -172. Calculate the greatest common divisor of v and q.
22
Let r be ((-13)/26)/((-1)/4). Suppose 0 = -5*q - r - 13, -292 = -4*t + 4*q. Calculate the greatest common divisor of 35 and t.
35
Let z be ((-33)/4)/(3/(-8)). Let m = z + -10. Suppose -m - 21 = -3*g. What is the highest common divisor of 55 and g?
11
Let j(g) = -g**3 + 9*g**2 + 2*g - 7. Let k(f) = -5*f - 1. Let d be k(-2). Let u be j(d). What is the highest common factor of u and 55?
11
Let p be 6/(-2 + (-35)/(-16)). Let u be (1280/280)/(4/14). Calculate the greatest common factor of u and p.
16
Let i be 56/42*(-7440)/(-64). Let u(q) be the first derivative of 2*q**3/3 - q**2 + 2*q + 2. Let m be u(-5). Calculate the greatest common factor of m and i.
31
Let a = 1015 + -940. What is the greatest common divisor of a and 255?
15
Suppose 21*u - 162 = 3*u. Calculate the greatest common divisor of 39 and u.
3
Suppose 12 = 6*d - 6. Suppose y = 5*g - 0*y - 768, 0 = d*g + y - 456. What is the greatest common divisor of 17 and g?
17
Let z(c) = c**3 - 42*c**2 + 37*c + 404. Let n be z(41). What is the highest common divisor of 2520 and n?
120
Suppose 2*a = 6*a + 4*w - 100, 5*w = -a + 41. Calculate the greatest common factor of 7 and a.
7
Let x(f) = -f**3 - 2*f**2 + 21*f - 12. Let v be x(-6). Calculate the greatest common factor of v and 114.
6
Let h(l) = l**2 + 5*l + 1. Let k(w) = w - 1. Let d be k(7). Let f be h(d). Suppose z - f = 10. What is the highest common factor of z and 11?
11
Let o = 146 + -121. Suppose -y = f - o, -f + 22 + 29 = 2*y. What is the highest common factor of y and 104?
26
Let b be -1*4*(-129)/43. What is the highest common divisor of 81 and b?
3
Suppose -26*z + 192 = -2*z. Suppose -2*x - 62 = 8. Let w = x + 51. What is the greatest common factor of z and w?
8
Let z = -8 + 6. Let q be (z + 1)*(-245)/7. What is the greatest common factor of q and 5?
5
Let b be 7 + 8 + -14 + 54. Calculate the greatest common factor of b and 440.
55
Let a = 668 + -453. What is the highest common divisor of a and 5?
5
Suppose 10*y - 4*d + 14 = 7*y, 22 = y + 4*d. Suppose -2*r + 4*z = -6*r +